{"id":98,"date":"2015-04-12T09:51:01","date_gmt":"2015-04-12T07:51:01","guid":{"rendered":"http:\/\/www.forlane.org\/a\/?page_id=98"},"modified":"2021-09-20T11:41:06","modified_gmt":"2021-09-20T09:41:06","slug":"une-association-loi-1901","status":"publish","type":"page","link":"https:\/\/www.forlane.org\/a\/?page_id=98","title":{"rendered":"L&rsquo;association"},"content":{"rendered":"<p>Association loi 1901, enregistr\u00e9e le 25\/02\/2006 \u00e0 la pr\u00e9fecture de C\u00f4te d\u2019Or<br \/>\nSIRET\u00a0: 499\u00a0778\u00a0298 00012<br \/>\nSi\u00e8ge : 10 rue du Dr Chaussier 21000 Dijon<\/p>\n<p class=\"vspace\">Extraits des statuts :<br \/>\n<em>Le but de l&rsquo;association est de favoriser la d\u00e9couverte, la connaissance et la pratique de la musique ancienne, notamment en soutenant les activit\u00e9s de l&rsquo;ensemble vocal et instrumental \u00ab\u00a0Les Amusemens Lyriques\u00a0\u00bb.<br \/>\nUne attention particuli\u00e8re sera port\u00e9e aux compositeurs n\u00e9s ou ayant exerc\u00e9 en Bourgogne, ainsi qu&rsquo;aux partitions et trait\u00e9s \u00e9dit\u00e9s en Bourgogne \u00e0 cette \u00e9poque, ou conserv\u00e9s dans la r\u00e9gion.<br \/>\nLa formation des membres de l&rsquo;association, et \u00e9galement de jeunes artistes, est un autre objectif principal de l&rsquo;association, qui pourra dans ce but leur offrir la possibilit\u00e9 de participer aux r\u00e9alisations de l&rsquo;ensemble \u00ab\u00a0Les Amusemens Lyriques\u00a0\u00bb, et organiser des stages faisant intervenir des sp\u00e9cialistes reconnus.<br \/>\nAu titre de ses activit\u00e9s de promotion de la musique ancienne l&rsquo;association peut inviter d&rsquo;autres artistes, ou d&rsquo;autres ensembles, pour des projets sp\u00e9cifiquement musicaux, ou mettant en relation avec la musique d&rsquo;autres disciplines artistiques telles que la litt\u00e9rature, le th\u00e9\u00e2tre, la danse, les arts plastiques.<\/em><\/p>\n<p>Depuis 2006, Les Amusemens Lyriques re\u00e7oivent le soutien du Conseil G\u00e9n\u00e9ral de C\u00f4te d&rsquo;Or, dans le cadre du programme \u00ab\u00a0Voix de C\u00f4te d&rsquo;Or\u00a0\u00bb, et de la Ville de Dijon.<\/p>\n<p class=\"vspace\"><span style=\"color: #008000;\">Pour adh\u00e9rer, contactez nous :<\/span><\/p>\n<ul>\n<li class=\"vspace\"><span style=\"color: #008000;\">Les Amusements lyriques, 10 rue du Dr Chaussier 21000 Dijon<\/span><\/li>\n<li class=\"vspace\"><span style=\"color: #008000;\">ou par mail : <a href=\"mailto:amusemens.lyriques@gmail.com\" target=\"_blank\" rel=\"noopener noreferrer\">amusemens.lyriques@gmail.com<\/a><\/span><\/li>\n<\/ul>\n","protected":false},"excerpt":{"rendered":"<p>Association loi 1901, enregistr\u00e9e le 25\/02\/2006 \u00e0 la pr\u00e9fecture de C\u00f4te d\u2019Or SIRET\u00a0: 499\u00a0778\u00a0298 00012 Si\u00e8ge : 10 rue du Dr Chaussier 21000 Dijon Extraits des statuts : Le but de l&rsquo;association est de favoriser la d\u00e9couverte, la connaissance et la pratique de la musique ancienne, notamment en soutenant les activit\u00e9s de l&rsquo;ensemble vocal et &hellip; <a href=\"https:\/\/www.forlane.org\/a\/?page_id=98\" class=\"more-link\">Continuer la lecture de <span class=\"screen-reader-text\">L&rsquo;association<\/span> <span class=\"meta-nav\">&rarr;<\/span><\/a><\/p>\n","protected":false},"author":2,"featured_media":146,"parent":0,"menu_order":10,"comment_status":"closed","ping_status":"open","template":"","meta":[],"_links":{"self":[{"href":"https:\/\/www.forlane.org\/a\/index.php?rest_route=\/wp\/v2\/pages\/98"}],"collection":[{"href":"https:\/\/www.forlane.org\/a\/index.php?rest_route=\/wp\/v2\/pages"}],"about":[{"href":"https:\/\/www.forlane.org\/a\/index.php?rest_route=\/wp\/v2\/types\/page"}],"author":[{"embeddable":true,"href":"https:\/\/www.forlane.org\/a\/index.php?rest_route=\/wp\/v2\/users\/2"}],"replies":[{"embeddable":true,"href":"https:\/\/www.forlane.org\/a\/index.php?rest_route=%2Fwp%2Fv2%2Fcomments&post=98"}],"version-history":[{"count":7,"href":"https:\/\/www.forlane.org\/a\/index.php?rest_route=\/wp\/v2\/pages\/98\/revisions"}],"predecessor-version":[{"id":268,"href":"https:\/\/www.forlane.org\/a\/index.php?rest_route=\/wp\/v2\/pages\/98\/revisions\/268"}],"wp:featuredmedia":[{"embeddable":true,"href":"https:\/\/www.forlane.org\/a\/index.php?rest_route=\/wp\/v2\/media\/146"}],"wp:attachment":[{"href":"https:\/\/www.forlane.org\/a\/index.php?rest_route=%2Fwp%2Fv2%2Fmedia&parent=98"}],"curies":[{"name":"wp","href":"https:\/\/api.w.org\/{rel}","templated":true}]}}